me factors of 27215968.
2, 13, 65423
List the prime factors of 26081981.
293, 89017
What are the prime factors of 192944?
2, 31, 389
What are the prime factors of 16252661?
1583, 10267
List the prime factors of 3411131.
113, 30187
What are the prime factors of 1568413?
7, 11, 20369
What are the prime factors of 15408065?
5, 71, 43403
What are the prime factors of 24560778?
2, 3, 11, 197, 1889
List the prime factors of 1177368.
2, 3, 49057
List the prime factors of 88383.
3, 17, 1733
List the prime factors of 398052.
2, 3, 11057
List the prime factors of 7561285.
5, 67, 22571
List the prime factors of 5973994.
2, 13, 229769
List the prime factors of 684973.
684973
What are the prime factors of 633685?
5, 13, 9749
List the prime factors of 202538.
2, 7, 17, 23, 37
What are the prime factors of 2538323?
2538323
What are the prime factors of 1946094?
2, 3, 19, 43, 397
List the prime factors of 307759.
307759
List the prime factors of 489569.
67, 7307
List the prime factors of 7868067.
3, 103, 25463
What are the prime factors of 1243255?
5, 13, 31, 617
What are the prime factors of 5709707?
1049, 5443
What are the prime factors of 2453099?
11, 223009
What are the prime factors of 3256014?
2, 3, 421, 1289
List the prime factors of 112190.
2, 5, 13, 863
List the prime factors of 1325112.
2, 3, 55213
What are the prime factors of 1124426?
2, 89, 6317
What are the prime factors of 11124253?
7, 19, 83641
What are the prime factors of 882293?
151, 5843
What are the prime factors of 646052?
2, 11, 14683
List the prime factors of 9142319.
1699, 5381
What are the prime factors of 1604906?
2, 802453
List the prime factors of 480224.
2, 43, 349
What are the prime factors of 22552693?
17, 73, 1069
List the prime factors of 92323.
7, 11, 109
What are the prime factors of 4578983?
1259, 3637
List the prime factors of 729100.
2, 5, 23, 317
What are the prime factors of 171288?
2, 3, 13, 61
List the prime factors of 24911787.
3, 8303929
What are the prime factors of 6516558?
2, 3, 120677
List the prime factors of 283635.
3, 5, 11, 191
List the prime factors of 23565981.
3, 2543, 3089
What are the prime factors of 5391844?
2, 23, 103, 569
What are the prime factors of 239594?
2, 119797
List the prime factors of 6925786.
2, 7, 494699
What are the prime factors of 156212?
2, 7, 797
What are the prime factors of 958833?
3, 106537
What are the prime factors of 1679181?
3, 7, 11423
List the prime factors of 4651657.
239, 19463
List the prime factors of 1196650.
2, 5, 7, 13, 263
List the prime factors of 41909.
7, 5987
List the prime factors of 1890105.
3, 5, 7, 47, 383
List the prime factors of 459110.
2, 5, 31, 1481
What are the prime factors of 796677?
3, 7, 59, 643
What are the prime factors of 255294?
2, 3, 13, 1091
List the prime factors of 329888.
2, 13, 61
What are the prime factors of 3118246?
2, 1559123
List the prime factors of 5768744.
2, 37, 19489
List the prime factors of 2782822.
2, 7, 197, 1009
What are the prime factors of 21828725?
5, 23, 37963
What are the prime factors of 571761?
3, 17, 37, 101
List the prime factors of 4020657.
3, 331, 4049
What are the prime factors of 10542429?
3, 47, 24923
What are the prime factors of 2379965?
5, 7, 53, 1283
List the prime factors of 12952176.
2, 3, 151, 1787
List the prime factors of 300188.
2, 7, 71, 151
What are the prime factors of 3511254?
2, 3, 761, 769
List the prime factors of 98750.
2, 5, 79
What are the prime factors of 248399?
89, 2791
What are the prime factors of 659443?
59, 11177
What are the prime factors of 543330?
2, 3, 5, 6037
List the prime factors of 70288.
2, 23, 191
What are the prime factors of 10527137?
1511, 6967
List the prime factors of 11627315.
5, 7, 71, 4679
What are the prime factors of 219248?
2, 71, 193
List the prime factors of 3914264.
2, 489283
What are the prime factors of 909862?
2, 454931
What are the prime factors of 2692976?
2, 11, 13, 107
What are the prime factors of 497058?
2, 3, 37, 2239
What are the prime factors of 823530?
2, 3, 5, 97, 283
What are the prime factors of 24541631?
67, 366293
What are the prime factors of 2881532?
2, 23, 31321
What are the prime factors of 3514902?
2, 3, 479, 1223
What are the prime factors of 5628?
2, 3, 7, 67
List the prime factors of 717262.
2, 7, 13, 563
What are the prime factors of 276933?
3, 92311
List the prime factors of 100945.
5, 13, 1553
List the prime factors of 683907.
3, 7, 29, 1123
What are the prime factors of 1743737?
1743737
List the prime factors of 2375130.
2, 3, 5, 41, 1931
What are the prime factors of 1006418?
2, 7, 71887
List the prime factors of 1823418.
2, 3, 33767
List the prime factors of 435111.
3, 145037
List the prime factors of 957843.
3, 106427
List the prime factors of 6350306.
2, 1217, 2609
List the prime factors of 3722646.
2, 3, 620441
List the prime factors of 3257525.
5, 229, 569
What are the prime factors of 121899?
3, 179, 227
What are the prime factors of 158165?
5, 7, 4519
What are the prime factors of 9951747?
3, 13, 255173
List the prime factors of 759761.
223, 3407
What are the prime factors of 408355?
5, 81671
List the prime factors of 51532.
2, 13, 991
What are the prime factors of 5538969?
3, 271, 757
List the prime factors of 435640.
2, 5, 10891
What are the prime factors of 6914341?
7, 73, 1933
What are the prime factors of 329845?
5, 41, 1609
What are the prime factors of 96960?
2, 3, 5, 101
List the prime factors of 58891.
7, 47, 179
List the prime factors of 2753823.
3, 31, 29611
List the prime factors of 364153.
29, 433
What are the prime factors of 21930?
2, 3, 5, 17, 43
List the prime factors of 15830800.
2, 5, 19, 2083
List the prime factors of 1886936.
2, 149, 1583
List the prime factors of 3191632.
2, 43, 4639
List the prime factors of 6133608.
2, 3, 13, 6553
What are the prime factors of 316359?
3, 11717
What are the prime factors of 1821666?
2, 3, 7, 11, 3943
What are the prime factors of 356431?
23, 15497
List the prime factors of 2732460.
2, 3, 5, 45541
List the prime factors of 1590780.
2, 3, 5, 26513
List the prime factors of 2168872.
2, 271109
What are the prime factors of 126976?
2, 31
List the prime factors of 235210.
2, 5, 43, 547
What are the prime factors of 1936081?
7, 19, 14557
List the prime factors of 83655.
3, 5, 11, 13
What are the prime factors of 7287951?
3, 11, 17, 1181
What are the prime factors of 678797?
7, 1979
What are the prime factors of 24209611?
313, 77347
What are the prime factors of 2038455?
3, 5, 97, 467
List the prime factors of 1445049.
3, 307, 523
What are the prime factors of 49983?
3, 16661
List the prime factors of 707984.
2, 44249
What are the prime factors of 686802?
2, 3, 114467
List the prime factors of 432006.
2, 3, 89, 809
List the prime factors of 6751067.
6751067
What are the prime factors of 3756988?
2, 939247
List the prime factors of 1161638.
2, 23, 25253
What are the prime factors of 133358?
2, 131, 509
What are the prime factors of 397566?
2, 3, 13, 1699
List the prime factors of 5411689.
151, 35839
List the prime factors of 3539.
3539
List the prime factors of 196499.
196499
What are the prime factors of 42323?
42323
List the prime factors of 360918.
2, 3, 20051
List the prime factors of 2633890.
2, 5, 7, 191, 197
What are the prime factors of 1677498?
2, 3, 279583
List the prime factors of 4372372.
2, 59, 97, 191
List the prime factors of 4838508.
2, 3, 71, 631
What are the prime factors of 1581014?
2, 271, 2917
List the prime factors of 4195330.
2, 5, 281, 1493
List the prime factors of 979707.
3, 29, 11261
List the prime factors of 4044247.
79, 51193
What are the prime factors of 29355345?
3, 5, 17, 12791
What are the prime factors of 35244745?
5, 233, 30253
What are the prime factors of 812110?
2, 5, 13, 6247
List the prime factors of 43142.
2, 11, 37, 53
List the prime factors of 1226170.
2, 5, 11, 71, 157
What are the prime factors of 19690745?
5, 19, 10909
List the prime factors of 205332.
2, 3, 71, 241
What are the prime factors of 119615?
5, 47, 509
List the prime factors of 259598.
2, 293, 443
List the prime factors of 25874.
2, 17, 761
What are the prime factors of 494365?
5, 98873
What are the prime factors of 46565?
5, 67, 139
What are the prime factors of 159298?
2, 23, 3463
What are the prime factors of 